- -12) + (8 - 10))?
-3
-10 + -17 + (1 - -15)
-11
What is -5 - (18 + -10 - (-1 + 5))?
-9
Evaluate -1 + 2 + 14 + -33.
-18
What is 0 + -32 + -105 + 133?
-4
Calculate 8 + 1 - (8 + (-2 - -7)).
-4
What is 2 - (-15 + 2 + 5) - (0 - 8)?
18
Evaluate -13 + (-25 - (15 - 20)).
-33
What is the value of -25 + 32 + (-1 - 3)?
3
(-3 - 11) + (160 - 161)
-15
(-4 - -7 - 6) + 8 + -19
-14
What is the value of 25 + 3 + -9 + -7 + 1?
13
Calculate (0 + -3 + 23 + -22 - -4) + 6.
8
20 + -9 + 4 - -12
27
Evaluate (1 - 9) + (-14 - (43 - 45)).
-20
What is (26 + -12 - 16) + 19?
17
What is 35 + -19 + -6 + 12 + -5?
17
What is the value of (27 - 3) + (11 - (16 + -6))?
25
Evaluate (-24 - (-4 + -22 + 9)) + -23.
-30
What is the value of (3 - 0) + (-5 - (-15 - 0))?
13
(-58 + 58 - 5) + -12 + -1
-18
Evaluate (-29 - (-64 - -18)) + (5 - 1).
21
What is the value of -13 + (43 - 12) + -16 + (4 - 39)?
-33
(-1 - ((-50 - -17) + 18)) + -23
-9
What is the value of (59 - 62) + (15 - 2)?
10
Evaluate (2 - -3) + -20 + 10 + (-1 - -5).
-1
What is -10 + -38 + 60 + (1 - 16)?
-3
What is -9 + -21 + 23 - -25?
18
What is -15 - (-1 + -13 - -5)?
-6
Evaluate (4 - -9) + -13 + -12 - -13.
1
Calculate 4 + -2 + (5 - -9 - 7).
9
7 - (-4 + 2 + (-7 - -1))
15
19 - (19 - (1 - -15))
16
What is the value of (2 + 0 + 7 - 1 - 0) + -31?
-23
Evaluate 2 + -8 + (36 - (1 - -8)) + -9.
12
What is (105 - 97 - (14 + -1)) + 3?
-2
What is the value of 10 - (-7 + 10) - -7?
14
0 - (13 - 11) - (5 - 8)
1
What is -11 + 20 + 1 - 5?
5
Calculate 14 - (11 - (-11 + 24)).
16
What is 2 + -22 + (16 - -8)?
4
Evaluate (6 + -3 - (-2 + -1)) + (-12 - 5).
-11
Evaluate 7 - (3 - -4) - (1 + -2 + -1).
2
Evaluate -28 + 13 + -3 - -1.
-17
24 - (-17 - ((3 - -5) + -11))
38
Evaluate -13 + 21 - (-47 + 56 + 1 + 5).
-7
What is the value of 10 - ((-43 - -110) + -37)?
-20
(7 + -2 - (29 - 15)) + (2 - -1)
-6
Evaluate (107 - 87) + -1 + -34.
-15
Calculate -1 - 1 - (-63 + -75 + 159).
-23
What is 20 + -2 + (2 - 9)?
11
Calculate 2 + (-3 - 0) - (527 + -550).
22
Evaluate 12 - 6 - -6 - 4 - (22 + 2).
-16
-1 + 4 - (-40 - -42) - 8
-7
Calculate -8 - (-26 - (-16 + 9)).
11
(-24 + 29 - 9) + 4
0
What is the value of (-12 + 3 - 19) + 20?
-8
Evaluate 0 + (-1 - (-17 + 5)) - 21.
-10
What is the value of 12 + (-10 - (0 - -10))?
-8
Evaluate 7 + (-14 - -25) + -12 + (2 - 26).
-18
What is the value of -2 + -4 + 1 + (29 - 26)?
-2
Calculate -211 + 206 - (2 - 6).
-1
Calculate 0 - (37 + -37 + 5 + -2 + 1).
-4
What is 1 + 11 + -17 - 1 - -4?
-2
Calculate -22 + (-17 + 3 - -24).
-12
What is -2 + 3 + (1 - 7) + -6 + 18?
7
Evaluate 8 + -1 + (100 - 113) + 9.
3
What is -1 + (-7 - (-13 - -16))?
-11
Calculate (1 - (-12 + -17 + 8)) + -14 + 4.
12
Evaluate -1 + 33 - (45 - -10).
-23
What is -13 - 2 - (-7 + (8 - 4))?
-12
What is the value of (-3 - -3) + -13 + 3?
-10
What is 5 + 18 + -22 - (9 + 1)?
-9
What is the value of -16 + 10 + (-3 - 5) + 8 - -8?
2
-6 + 3 - -7 - (41 + -49)
12
Calculate 3 + (43 - 11) - 18.
17
What is 7 + (20 + -14 - 26) + 4?
-9
Evaluate -1 + -7 + (-4 - -17) + -2 + -12.
-9
Evaluate -2 - 10 - (-41 - -22).
7
What is the value of 10 + -2 + -1 + -1 + -1 + -1?
4
What is (-6 - (-3 - -5)) + -17 + 24?
-1
What is -10 - (12 + 5 + -10 + (2 - -9))?
-28
-7 + -11 + (-2 - -3) + -1
-18
(321 - 320 - (-1 + (1 - 4))) + -16
-11
What is (51 - 52) + -1 + 1 + -8?
-9
Evaluate 1 - 10 - (3 + (-4 - -6)).
-14
What is the value of -20 - (19 + -25) - -22?
8
1 + 5 - (-297 + 292)
11
Calculate -15 - (1 + 0 + (-30 - -26)).
-12
Evaluate (5 + -7 - 4) + 13 + -7 + 5.
5
-29 + 18 + (10 - (5 - -10))
-16
What is the value of (2 + 0 - (1 + -2)) + 3?
6
-127 + 129 + (5 + -4 - -14)
17
Evaluate (9 - 8) + 18 - (-21 + 9).
31
What is the value of 2 - 7 - (-8 - -10)?
-7
11 + (7 - 18) + 3 - -11
14
Calculate 29 + (-1 - (13 + 3)) + 4 + 4.
20
Calculate 14 - (2 - 10 - (-1 - 15)).
6
What is the value of -36 - 4 - -21 - -4?
-15
2 - (3 - -1 - (9 - 31 - -19))
-5
What is the value of 1 + -1 - ((-25 - -9) + -9 + 12)?
13
19 - -1 - (97 + -87)
10
(-7 - -7 - -17 - 17) + -5
-5
7 + 11 + -7 - 20
-9
Calculate 0 + 9 - (4 - (-16 - -19)).
8
0 + 9 - (-487 + 510)
-14
What is -3 - -6 - ((7 - -14) + -7)?
-11
Calculate -27 - (5 + -30 - 18).
16
Evaluate 14 + -1 - (6 - (-10 + 19)).
16
What is the value of (-1 - ((-1 - 0) + (5 - 8))) + -8?
-5
Evaluate -19 + (-9 + (-11 - -11) - -20).
-8
-2 + (-1 + 13 - (8 + -7 - 3))
12
Calculate -32 + (-5 - 40 - -58).
-19
Evaluate (-4 - (3 + -1)) + 0 + (11 - 2).
3
Calculate 21 - (3 - 9) - (24 + -34).
37
Evaluate -3 + -54 + 61 + 7 + 0.
11
What is 6 + (3 - -2) + -6 + 16 + -8?
13
Evaluate (-1 - 15) + 2 + (7 - -19).
12
What is the value of 1 - ((0 - -7 - 9) + -9)?
12
What is 2 + 3 + -8 + (-43 - -36)?
-10
What is the value of 0 + (25 - (12 + 9))?
4
What is the value of -26 - 1 - (-8 - 18)?
-1
Evaluate -2 - 2 - (-1 - (-2 - 3) - 3).
-5
Evaluate 3 + (5 - (7 - (-8 - -7))).
0
What is -4 - (-5 - (2 - 4 - 7) - 4)?
-4
What is (6 - 4) + -2 + (4 - 14)?
-10
What is (36 - 37 - (6 + 2)) + -3?
-12
Calculate -10 + (3 - (-3 - (-1 - 0))).
-5
What is the value of -17 + 20 + 1 + -2 + 7?
9
Evaluate 2 + -26 + 36 + 12.
24
Evaluate -8 + 4 + (0 - 1) - (-6 - -20).
-19
What is the value of (-3 + (-5 - -15) - 20) + 11?
-2
What is the value of 26 - (23 + 7) - (0 + 4)?
-8
Evaluate 7 + 20 + -6 - 32.
-11
Calculate 0 + (11 + -31 - -8) + 9 - -3.
0
Calculate -3 + (13 - 13) - (-12 - -5).
4
-11 + 5 + 3 + (-6 - 0 - -2)
-7
Calculate -2 + (5 - (-13 + (40 - 15))).
-9
What is 127 + -145 + (-1 - ((-11 - -4) + -2))?
-10
-2 + 0 + (-9 - (10 + -12) - -9)
0
1 + (-20 + 18 + -3 - -4)
0
Evaluate 3 - -1 - (9 + 0 + -10) - -8.
13
Evaluate (-85 - -75) + (-1 + 10 - -1 - 1).
-1
Calculate 238 + -245 - (1 + -1 + -3).
-4
Calculate -3 - (26 + (-1 - 21)).
-7
Calculate (5 - (0 + 5 + (5 - 11))) + 1.
7
Calculate 20 + -15 + 25 + -1 - 6.
23
What is 2 + -2 - (-51 - -56) - -19?
14
What is (-15 + 7 - -15) + (4 - 0)?
11
0 - -12 - (28 - (28 - 0))
12
Calculate (6 - -10) + -23 + 35.
28
What is -33 + 30 - -28 - 1?
24
Calculate (-35 - 0) + 318 + -301.
-18
Evaluate -7 - 1 - (119 - 134).
7
Calculate -10 + (-10 + -1 - -14).
-7
What is -7 + 2 - (18 - (45 - 16)) - 4?
2
24 - (6 - (-19 + 26))
25
What is the value of -6 + -17 + (-15 - -18)?
-20
What is the value of (5 - 7) + 2 - -5 - (10 - 6)?
1
-2 + 16 + -32 - -16
-2
What is the value of 21 - (6 - (-5 - 0) - 4)?
14
Calculate -22 + 2 - (-217 - -209).
-12
What is the value of 12 + -26 + (39 - 20)?
5
What is -3 + 0 - (-4 - (-2 + -9 + 4))?
-6
Calculate 147 + -154 + (0 - -8) - 31.
-30
(10 - 9) + -5 + -1 - -6 - -7
8
-5 + 1 + 16 + -24
-12
What is the value of 20 + 4 + -43 - -30?
11
Evaluate 14 + (4 - -1) + (5 - 7).
17
Evaluate 3 + -21 - (50 + -80).
12
Calculate -7 + 0 - (3 + 1 + -6 + -4).
-1
Calculate (-6 - -2) + (1 - 2) + -20.
-25
What is the value of -20 + -9 + 2 + 13?
-14
(-4 - 0) + (-2 - (11 - 17))
0
What is 0 - (-4 - (3 - (20 + -3)))?
-10
Evaluate 29 - ((-30 - -43) + 28).
-12
What is the value of (-658 - -690) + 2 + -2 + -5 + 2?
29
0 - (-2 + -6 + (6 - 6))
8
-236 - -220 - (-3 - -1)
-14
Calculate -12 + 5 + (-3 - (10 - 0 - 20)).
0
-15 - -10 - (0 - (4 + 16))
15
What is the value of -69 - (42 - -2 - 84)?
-29
(24 - (32 + 14)) + 46
24
What is the value of (2 - (9 + -12)) + -9 + 6 + -1?
1
-4 + 2 + 15 - 5
8
6 - (-6 + -1 + (26 - 14))
1
Evaluate 13 + 0 - (-152 + 169).
-4
(17 - 12 - 4) + -11
-10
What is 12 + 11 + -7 + -19?
-3
Evaluate (-8 - (1 + -6) - -10) + -2.
5
Calculate -9 - ((-10 - -20) + -10) - 3 - 8.
-20
Evaluate -25 + -2 + (-9 - -69).
33
Evaluate 22 - (7 + 40 + -6).
-19
Calculate (18 + -23 - -6 - 18) + 31.
14
What is the value of -56 - 8 - -54 - (-1 + -1 - 2)?
-6
(-5 - (-4 + -7)) + (2 - 1 - 2)
5
What is -8 + 0 - ((-2 - -12) + -35 + -3)?
20
Calculate 27 - (0 + (12 - -5)).
10
What is the value of (0 - -3 - 0) + (-112 - -116)?
7
What is the value of 25 + (-5 + -8 + 5 + 4 - -7)?
28
What is the value of -2 + -10 + (3 - (17 + -11))?
-15
What is the value of 42 - 37 - (1 + 21) - (-3 - 0)?
-14
-6 + 39 - (-1 + 14) - 12
8
What is -12 + 41 + 8 - (1 + -3 + 11)?
28
Calculate 58 - 60 - (-3 + -5 + 2 + 1).
3
What is (14 - -1) + (-14 - -16) + -7?
10
Evaluate 17 - 12 - 42 - -23.
-14
Evaluate 725 + -687 - (0 - -22).
16
What is 47 + -44 + -12 + 1?
-8
What is 1 - (0 - -10) - (434 - 437)?
-6
What is -7 + 26 + -23 + 28?
24
Calculate 15 - (3 + 10 - 8).
10
What is 3 + -16 - ((1 - 2) + (44 - 45))?
-11
Calcu